{"id":898,"date":"2021-03-26T00:01:00","date_gmt":"2021-03-25T23:01:00","guid":{"rendered":"https:\/\/adrianmayr.ch\/?page_id=898"},"modified":"2021-03-26T10:20:44","modified_gmt":"2021-03-26T09:20:44","slug":"26-maerz","status":"publish","type":"page","link":"https:\/\/adrianmayr.ch\/?page_id=898","title":{"rendered":"26. M\u00e4rz &#8211; mein &#8222;Smartspider&#8220;"},"content":{"rendered":"\n<p>Wenn jemand als Parteiloser kandidiert, kommt vielleicht bei den W\u00e4hlenden manchmal der Eindruck auf, nicht so genau zu wissen, wof\u00fcr ein Kandidat steht. In den vergangenen Posts habe ich immer wieder versucht, meine Standpunkte und Positionen m\u00f6glichst transparent aufzuzeigen, so dass Sie wissen, wen Sie w\u00e4hlen. Heute m\u00f6chte ich in dieser Hinsicht noch einen Schritt weiter gehen:<\/p>\n\n\n\n<p>Sie kennen vielleicht Smartvote (<a href=\"https:\/\/www.smartvote.ch\/de\/home\" data-type=\"URL\" data-id=\"https:\/\/www.smartvote.ch\/de\/home\">https:\/\/www.smartvote.ch\/de\/home<\/a>) &#8211; eine Seite, auf welcher man die Einstellung von Kandidaten z.B. vor Nationalratswahlen nachsehen kann. Diese wird im Rahmen eines sogenannten Smartspiders dargestellt, welche die Einstellung eines Kandidaten oder einer Partei in 8 verschiedenen Themenfeldern aufzeigt. <\/p>\n\n\n\n<p>Ich habe mir aus Interesse mal die Smartspiders einiger Parteien sowie meinen eigenen Smartspider \u00fcbereinander gelegt. Ich denke, das Bild zeigt meine grunds\u00e4tzliche Ausrichtung als Kandidat der Mitte mit einem Fokus auf Nachhaltigkeit auf.<\/p>\n\n\n\n<figure class=\"wp-block-image size-large\"><img loading=\"lazy\" decoding=\"async\" width=\"721\" height=\"535\" src=\"https:\/\/adrianmayr.ch\/wordpress\/wp-content\/uploads\/2021\/03\/Spider.jpg\" alt=\"\" class=\"wp-image-1178\" srcset=\"https:\/\/adrianmayr.ch\/wordpress\/wp-content\/uploads\/2021\/03\/Spider.jpg 721w, https:\/\/adrianmayr.ch\/wordpress\/wp-content\/uploads\/2021\/03\/Spider-300x223.jpg 300w\" sizes=\"auto, (max-width: 721px) 100vw, 721px\" \/><\/figure>\n","protected":false},"excerpt":{"rendered":"<p>Wenn jemand als Parteiloser kandidiert, kommt vielleicht bei den W\u00e4hlenden manchmal der Eindruck auf, nicht so genau zu wissen, wof\u00fcr ein Kandidat steht. In den vergangenen Posts habe ich immer wieder versucht, meine Standpunkte und Positionen m\u00f6glichst transparent aufzuzeigen, so dass Sie wissen, wen Sie w\u00e4hlen. Heute m\u00f6chte ich in dieser Hinsicht noch einen Schritt [&hellip;]<\/p>\n","protected":false},"author":1,"featured_media":0,"parent":0,"menu_order":0,"comment_status":"open","ping_status":"closed","template":"","meta":{"footnotes":""},"class_list":["post-898","page","type-page","status-publish","hentry"],"_links":{"self":[{"href":"https:\/\/adrianmayr.ch\/index.php?rest_route=\/wp\/v2\/pages\/898","targetHints":{"allow":["GET"]}}],"collection":[{"href":"https:\/\/adrianmayr.ch\/index.php?rest_route=\/wp\/v2\/pages"}],"about":[{"href":"https:\/\/adrianmayr.ch\/index.php?rest_route=\/wp\/v2\/types\/page"}],"author":[{"embeddable":true,"href":"https:\/\/adrianmayr.ch\/index.php?rest_route=\/wp\/v2\/users\/1"}],"replies":[{"embeddable":true,"href":"https:\/\/adrianmayr.ch\/index.php?rest_route=%2Fwp%2Fv2%2Fcomments&post=898"}],"version-history":[{"count":2,"href":"https:\/\/adrianmayr.ch\/index.php?rest_route=\/wp\/v2\/pages\/898\/revisions"}],"predecessor-version":[{"id":1179,"href":"https:\/\/adrianmayr.ch\/index.php?rest_route=\/wp\/v2\/pages\/898\/revisions\/1179"}],"wp:attachment":[{"href":"https:\/\/adrianmayr.ch\/index.php?rest_route=%2Fwp%2Fv2%2Fmedia&parent=898"}],"curies":[{"name":"wp","href":"https:\/\/api.w.org\/{rel}","templated":true}]}}