{"id":874,"date":"2021-03-15T00:01:00","date_gmt":"2021-03-14T23:01:00","guid":{"rendered":"https:\/\/adrianmayr.ch\/?page_id=874"},"modified":"2021-03-18T09:47:48","modified_gmt":"2021-03-18T08:47:48","slug":"15-maerz","status":"publish","type":"page","link":"https:\/\/adrianmayr.ch\/?page_id=874","title":{"rendered":"15. M\u00e4rz &#8211; Vielf\u00e4ltiges Spreitenbach"},"content":{"rendered":"\n<div class=\"wp-block-media-text alignwide is-stacked-on-mobile\"><figure class=\"wp-block-media-text__media\"><img loading=\"lazy\" decoding=\"async\" width=\"661\" height=\"938\" src=\"https:\/\/adrianmayr.ch\/wordpress\/wp-content\/uploads\/2021\/03\/flyer_low-res.jpg\" alt=\"\" class=\"wp-image-1109 size-full\" srcset=\"https:\/\/adrianmayr.ch\/wordpress\/wp-content\/uploads\/2021\/03\/flyer_low-res.jpg 661w, https:\/\/adrianmayr.ch\/wordpress\/wp-content\/uploads\/2021\/03\/flyer_low-res-211x300.jpg 211w\" sizes=\"auto, (max-width: 661px) 100vw, 661px\" \/><\/figure><div class=\"wp-block-media-text__content\">\n<p>Mein Plakat oder Flyer ist Ihnen sicher schon aufgefallen. Ich habe versprochen, dass ich auf die verschiedenen Schlagw\u00f6rter auf meinem Plakat und Flyer noch etwas n\u00e4her eingehe.<\/p>\n\n\n\n<ul class=\"wp-block-list\"><li><strong>Engagiert<\/strong> &#8211; <a href=\"https:\/\/adrianmayr.ch\/?page_id=846\">1. M\u00e4rz \u2013 Gedanken zum Wahlkalender<\/a><\/li><li><strong>Nachhaltigkeit<\/strong> &#8211; <a href=\"https:\/\/adrianmayr.ch\/?page_id=862\">9. M\u00e4rz \u2013 Nachhaltigkeit und Wachstum<\/a><\/li><li><strong>Wirtschaftlichkeit<\/strong> &#8211; <a href=\"https:\/\/adrianmayr.ch\/?page_id=866\">11. M\u00e4rz \u2013 Wirtschaftlichkeit und Wirtschaft<\/a><\/li><li><strong>Vielfalt <\/strong>\u2013 das Thema von heute<\/li><li><strong>Kompetent <\/strong>\u2013 folgt in den n\u00e4chsten Tagen<\/li><\/ul>\n\n\n\n<p><\/p>\n<\/div><\/div>\n\n\n\n<p>&#8222;Vielfalt&#8220;\u2026 ein Begriff, der zu Spreitenbach auf verschiedene Art und Weise passt.<\/p>\n\n\n\n<p>Es ist zum einen die vielf\u00e4ltige Siedlungsstruktur, wo auf engem Raum in der gleichen Gemeinde moderne Hochh\u00e4user und alte Bauernh\u00e4user stehen. Diese Vielfalt und der spannende Gegensatz zwischen st\u00e4dtischer Agglomerationsgemeinde und d\u00f6rflichem Umfeld gef\u00e4llt mir, seit ich vor bald 20 Jahren nach Spreitenbach gezogen bin.<\/p>\n\n\n\n<p>Vielfalt ist aber auch charakteristisch f\u00fcr die Spreitenbacher Bev\u00f6lkerung. Ich war vor der Familien-Gr\u00fcndung jahrelang beruflich als Inbetriebnahme-Ingenieur den Grossteil des Jahres auf fast allen Kontinenten unterwegs und habe eine grosse Affinit\u00e4t zu verschiedenen L\u00e4ndern und Kulturen. F\u00fcr mich ist daher die Vielfalt und das multikulturelle Umfeld ein Plus Spreitenbachs \u2013 ohne vor den damit verbundenen Herausforderungen die Augen zu verschliessen. Grunds\u00e4tzlich sollen alle in Spreitenbach unabh\u00e4ngig von Herkunft und Lebensweise ihren gew\u00fcnschten Lebensweg verwirklichen k\u00f6nnen, sofern sie sich an einige einfache Grundregeln des Zusammenlebens, des Respekts und der R\u00fccksichtnahme halten. Ich habe leider oft den Eindruck, dass &#8222;Spreitenbach Dorf&#8220; und &#8222;Spreitenbach Bahnhofstrasse&#8220; eher wie 2 Gemeinden mehr nebeneinander statt miteinander leben. Ich unterst\u00fctze daher Massnahmen und Aktionen, die zu einer besseren Integration f\u00fchren und das &#8222;miteinander leben&#8220; statt &#8222;nebeneinander leben&#8220; in Spreitenbach f\u00f6rdern. Stichworte dazu sind: F\u00f6rderung der Sprachkompetenz bei Kindern und Erwachsenen, gute Rahmenbedingungen in Kindergarten und Schule sowie ein aktives Dorfleben, an dem sich alle beteiligen k\u00f6nnen. In Bezug auf Integration ist mir wichtig, dass sowohl gef\u00f6rdert wie auch gefordert wird. <\/p>\n\n\n\n<p>So soll es m\u00f6glich sein, die Vielfalt Spreitenbachs zu bewahren und trotzdem den Gemeinsinn und das Zusammenleben zu st\u00e4rken.<\/p>\n\n\n<div class=\"shariff shariff-align-flex-start shariff-widget-align-flex-start\"><ul class=\"shariff-buttons theme-round orientation-horizontal buttonsize-medium\"><li class=\"shariff-button mastodon shariff-nocustomcolor\" style=\"background-color:#563ACC\"><a href=\"https:\/\/s2f.kytta.dev\/?text=15.%20M%C3%A4rz%20%E2%80%93%20Vielf%C3%A4ltiges%20Spreitenbach https%3A%2F%2Fadrianmayr.ch%2F%3Fpage_id%3D874\" title=\"Bei Mastodon teilen\" aria-label=\"Bei Mastodon teilen\" role=\"button\" rel=\"noopener nofollow\" class=\"shariff-link\" style=\"; background-color:#6364FF; color:#fff\" target=\"_blank\"><span class=\"shariff-icon\" style=\"\"><svg width=\"75\" height=\"79\" viewBox=\"0 0 75 79\" fill=\"none\" xmlns=\"http:\/\/www.w3.org\/2000\/svg\"><path d=\"M37.813-.025C32.462-.058 27.114.13 21.79.598c-8.544.621-17.214 5.58-20.203 13.931C-1.12 23.318.408 32.622.465 41.65c.375 7.316.943 14.78 3.392 21.73 4.365 9.465 14.781 14.537 24.782 15.385 7.64.698 15.761-.213 22.517-4.026a54.1 54.1 0 0 0 .01-6.232c-6.855 1.316-14.101 2.609-21.049 1.074-3.883-.88-6.876-4.237-7.25-8.215-1.53-3.988 3.78-.43 5.584-.883 9.048 1.224 18.282.776 27.303-.462 7.044-.837 14.26-4.788 16.65-11.833 2.263-6.135 1.215-12.79 1.698-19.177.06-3.84.09-7.692-.262-11.52C72.596 7.844 63.223.981 53.834.684a219.453 219.453 0 0 0-16.022-.71zm11.294 12.882c5.5-.067 10.801 4.143 11.67 9.653.338 1.48.471 3 .471 4.515v21.088h-8.357c-.07-7.588.153-15.182-.131-22.765-.587-4.368-7.04-5.747-9.672-2.397-2.422 3.04-1.47 7.155-1.67 10.735v6.392h-8.307c-.146-4.996.359-10.045-.404-15.002-1.108-4.218-7.809-5.565-10.094-1.666-1.685 3.046-.712 6.634-.976 9.936v14.767h-8.354c.109-8.165-.238-16.344.215-24.5.674-5.346 5.095-10.389 10.676-10.627 4.902-.739 10.103 2.038 12.053 6.631.375 1.435 1.76 1.932 1.994.084 1.844-3.704 5.501-6.739 9.785-6.771.367-.044.735-.068 1.101-.073z\"\/><defs><linearGradient id=\"paint0_linear_549_34\" x1=\"37.0692\" y1=\"0\" x2=\"37.0692\" y2=\"79\" gradientUnits=\"userSpaceOnUse\"><stop stop-color=\"#6364FF\"\/><stop offset=\"1\" stop-color=\"#563ACC\"\/><\/linearGradient><\/defs><\/svg><\/span><\/a><\/li><li class=\"shariff-button facebook shariff-nocustomcolor\" style=\"background-color:#4273c8\"><a href=\"https:\/\/www.facebook.com\/sharer\/sharer.php?u=https%3A%2F%2Fadrianmayr.ch%2F%3Fpage_id%3D874\" title=\"Bei Facebook teilen\" aria-label=\"Bei Facebook teilen\" role=\"button\" rel=\"nofollow\" class=\"shariff-link\" style=\"; background-color:#3b5998; color:#fff\" target=\"_blank\"><span class=\"shariff-icon\" style=\"\"><svg width=\"32px\" height=\"20px\" xmlns=\"http:\/\/www.w3.org\/2000\/svg\" viewBox=\"0 0 18 32\"><path fill=\"#3b5998\" d=\"M17.1 0.2v4.7h-2.8q-1.5 0-2.1 0.6t-0.5 1.9v3.4h5.2l-0.7 5.3h-4.5v13.6h-5.5v-13.6h-4.5v-5.3h4.5v-3.9q0-3.3 1.9-5.2t5-1.8q2.6 0 4.1 0.2z\"\/><\/svg><\/span><\/a><\/li><li class=\"shariff-button linkedin shariff-nocustomcolor\" style=\"background-color:#1488bf\"><a href=\"https:\/\/www.linkedin.com\/sharing\/share-offsite\/?url=https%3A%2F%2Fadrianmayr.ch%2F%3Fpage_id%3D874\" title=\"Bei LinkedIn teilen\" aria-label=\"Bei LinkedIn teilen\" role=\"button\" rel=\"noopener nofollow\" class=\"shariff-link\" style=\"; background-color:#0077b5; color:#fff\" target=\"_blank\"><span class=\"shariff-icon\" style=\"\"><svg width=\"32px\" height=\"20px\" xmlns=\"http:\/\/www.w3.org\/2000\/svg\" viewBox=\"0 0 27 32\"><path fill=\"#0077b5\" d=\"M6.2 11.2v17.7h-5.9v-17.7h5.9zM6.6 5.7q0 1.3-0.9 2.2t-2.4 0.9h0q-1.5 0-2.4-0.9t-0.9-2.2 0.9-2.2 2.4-0.9 2.4 0.9 0.9 2.2zM27.4 18.7v10.1h-5.9v-9.5q0-1.9-0.7-2.9t-2.3-1.1q-1.1 0-1.9 0.6t-1.2 1.5q-0.2 0.5-0.2 1.4v9.9h-5.9q0-7.1 0-11.6t0-5.3l0-0.9h5.9v2.6h0q0.4-0.6 0.7-1t1-0.9 1.6-0.8 2-0.3q3 0 4.9 2t1.9 6z\"\/><\/svg><\/span><\/a><\/li><li class=\"shariff-button info shariff-nocustomcolor\" style=\"background-color:#eee\"><a href=\"http:\/\/ct.de\/-2467514\" title=\"Weitere Informationen\" aria-label=\"Weitere Informationen\" role=\"button\" rel=\"noopener \" class=\"shariff-link\" style=\"; background-color:#fff; color:#fff\" target=\"_blank\"><span class=\"shariff-icon\" style=\"\"><svg width=\"32px\" height=\"20px\" xmlns=\"http:\/\/www.w3.org\/2000\/svg\" viewBox=\"0 0 11 32\"><path fill=\"#999\" d=\"M11.4 24v2.3q0 0.5-0.3 0.8t-0.8 0.4h-9.1q-0.5 0-0.8-0.4t-0.4-0.8v-2.3q0-0.5 0.4-0.8t0.8-0.4h1.1v-6.8h-1.1q-0.5 0-0.8-0.4t-0.4-0.8v-2.3q0-0.5 0.4-0.8t0.8-0.4h6.8q0.5 0 0.8 0.4t0.4 0.8v10.3h1.1q0.5 0 0.8 0.4t0.3 0.8zM9.2 3.4v3.4q0 0.5-0.4 0.8t-0.8 0.4h-4.6q-0.4 0-0.8-0.4t-0.4-0.8v-3.4q0-0.4 0.4-0.8t0.8-0.4h4.6q0.5 0 0.8 0.4t0.4 0.8z\"\/><\/svg><\/span><\/a><\/li><\/ul><\/div>\n","protected":false},"excerpt":{"rendered":"<p>Mein Plakat oder Flyer ist Ihnen sicher schon aufgefallen. Ich habe versprochen, dass ich auf die verschiedenen Schlagw\u00f6rter auf meinem Plakat und Flyer noch etwas n\u00e4her eingehe. Engagiert &#8211; 1. M\u00e4rz \u2013 Gedanken zum Wahlkalender Nachhaltigkeit &#8211; 9. M\u00e4rz \u2013 Nachhaltigkeit und Wachstum Wirtschaftlichkeit &#8211; 11. M\u00e4rz \u2013 Wirtschaftlichkeit und Wirtschaft Vielfalt \u2013 das Thema [&hellip;]<\/p>\n","protected":false},"author":1,"featured_media":0,"parent":0,"menu_order":0,"comment_status":"open","ping_status":"closed","template":"","meta":{"footnotes":""},"class_list":["post-874","page","type-page","status-publish","hentry"],"_links":{"self":[{"href":"https:\/\/adrianmayr.ch\/index.php?rest_route=\/wp\/v2\/pages\/874","targetHints":{"allow":["GET"]}}],"collection":[{"href":"https:\/\/adrianmayr.ch\/index.php?rest_route=\/wp\/v2\/pages"}],"about":[{"href":"https:\/\/adrianmayr.ch\/index.php?rest_route=\/wp\/v2\/types\/page"}],"author":[{"embeddable":true,"href":"https:\/\/adrianmayr.ch\/index.php?rest_route=\/wp\/v2\/users\/1"}],"replies":[{"embeddable":true,"href":"https:\/\/adrianmayr.ch\/index.php?rest_route=%2Fwp%2Fv2%2Fcomments&post=874"}],"version-history":[{"count":5,"href":"https:\/\/adrianmayr.ch\/index.php?rest_route=\/wp\/v2\/pages\/874\/revisions"}],"predecessor-version":[{"id":1134,"href":"https:\/\/adrianmayr.ch\/index.php?rest_route=\/wp\/v2\/pages\/874\/revisions\/1134"}],"wp:attachment":[{"href":"https:\/\/adrianmayr.ch\/index.php?rest_route=%2Fwp%2Fv2%2Fmedia&parent=874"}],"curies":[{"name":"wp","href":"https:\/\/api.w.org\/{rel}","templated":true}]}}