{"id":852,"date":"2021-03-04T00:01:00","date_gmt":"2021-03-03T23:01:00","guid":{"rendered":"https:\/\/adrianmayr.ch\/?page_id=852"},"modified":"2021-03-03T08:02:05","modified_gmt":"2021-03-03T07:02:05","slug":"4-maerz","status":"publish","type":"page","link":"https:\/\/adrianmayr.ch\/?page_id=852","title":{"rendered":"4. M\u00e4rz &#8211; Etwas f\u00fcr&#8217;s Gem\u00fct"},"content":{"rendered":"\n<p>Heute geht es nicht um Politik oder die Herausforderungen Spreitenbachs. Daf\u00fcr hoffe ich, euch den Tag etwas zu versch\u00f6nern mit einigen Bildern von Spreitenbach und Umgebung, welche alle innerhalb der letzten paar Monate entstanden sind.<\/p>\n\n\n\n<figure class=\"wp-block-gallery columns-1 is-cropped wp-block-gallery-1 is-layout-flex wp-block-gallery-is-layout-flex\"><ul class=\"blocks-gallery-grid\"><li class=\"blocks-gallery-item\"><figure><img loading=\"lazy\" decoding=\"async\" width=\"1347\" height=\"1010\" src=\"https:\/\/adrianmayr.ch\/wordpress\/wp-content\/uploads\/2021\/03\/heitersberg.jpg\" alt=\"\" data-id=\"954\" data-link=\"https:\/\/adrianmayr.ch\/?attachment_id=954\" class=\"wp-image-954\" srcset=\"https:\/\/adrianmayr.ch\/wordpress\/wp-content\/uploads\/2021\/03\/heitersberg.jpg 1347w, https:\/\/adrianmayr.ch\/wordpress\/wp-content\/uploads\/2021\/03\/heitersberg-300x225.jpg 300w, https:\/\/adrianmayr.ch\/wordpress\/wp-content\/uploads\/2021\/03\/heitersberg-768x576.jpg 768w\" sizes=\"auto, (max-width: 1347px) 100vw, 1347px\" \/><\/figure><\/li><li class=\"blocks-gallery-item\"><figure><img loading=\"lazy\" decoding=\"async\" width=\"1347\" height=\"1010\" src=\"https:\/\/adrianmayr.ch\/wordpress\/wp-content\/uploads\/2021\/03\/franzosenweiher.jpg\" alt=\"\" data-id=\"953\" data-link=\"https:\/\/adrianmayr.ch\/?attachment_id=953\" class=\"wp-image-953\" srcset=\"https:\/\/adrianmayr.ch\/wordpress\/wp-content\/uploads\/2021\/03\/franzosenweiher.jpg 1347w, https:\/\/adrianmayr.ch\/wordpress\/wp-content\/uploads\/2021\/03\/franzosenweiher-300x225.jpg 300w, https:\/\/adrianmayr.ch\/wordpress\/wp-content\/uploads\/2021\/03\/franzosenweiher-768x576.jpg 768w\" sizes=\"auto, (max-width: 1347px) 100vw, 1347px\" \/><\/figure><\/li><li class=\"blocks-gallery-item\"><figure><img loading=\"lazy\" decoding=\"async\" width=\"1347\" height=\"1010\" src=\"https:\/\/adrianmayr.ch\/wordpress\/wp-content\/uploads\/2021\/03\/eisskulpturen.jpg\" alt=\"\" data-id=\"960\" data-link=\"https:\/\/adrianmayr.ch\/?attachment_id=960\" class=\"wp-image-960\" srcset=\"https:\/\/adrianmayr.ch\/wordpress\/wp-content\/uploads\/2021\/03\/eisskulpturen.jpg 1347w, https:\/\/adrianmayr.ch\/wordpress\/wp-content\/uploads\/2021\/03\/eisskulpturen-300x225.jpg 300w, https:\/\/adrianmayr.ch\/wordpress\/wp-content\/uploads\/2021\/03\/eisskulpturen-768x576.jpg 768w\" sizes=\"auto, (max-width: 1347px) 100vw, 1347px\" \/><\/figure><\/li><li class=\"blocks-gallery-item\"><figure><img loading=\"lazy\" decoding=\"async\" width=\"758\" height=\"1010\" src=\"https:\/\/adrianmayr.ch\/wordpress\/wp-content\/uploads\/2021\/03\/eiszapfen.jpg\" alt=\"\" data-id=\"961\" data-link=\"https:\/\/adrianmayr.ch\/?attachment_id=961\" class=\"wp-image-961\" srcset=\"https:\/\/adrianmayr.ch\/wordpress\/wp-content\/uploads\/2021\/03\/eiszapfen.jpg 758w, https:\/\/adrianmayr.ch\/wordpress\/wp-content\/uploads\/2021\/03\/eiszapfen-225x300.jpg 225w\" sizes=\"auto, (max-width: 758px) 100vw, 758px\" \/><\/figure><\/li><li class=\"blocks-gallery-item\"><figure><img loading=\"lazy\" decoding=\"async\" width=\"1347\" height=\"1010\" src=\"https:\/\/adrianmayr.ch\/wordpress\/wp-content\/uploads\/2021\/03\/morgenstimmung2.jpg\" alt=\"\" data-id=\"956\" data-link=\"https:\/\/adrianmayr.ch\/?attachment_id=956\" class=\"wp-image-956\" srcset=\"https:\/\/adrianmayr.ch\/wordpress\/wp-content\/uploads\/2021\/03\/morgenstimmung2.jpg 1347w, https:\/\/adrianmayr.ch\/wordpress\/wp-content\/uploads\/2021\/03\/morgenstimmung2-300x225.jpg 300w, https:\/\/adrianmayr.ch\/wordpress\/wp-content\/uploads\/2021\/03\/morgenstimmung2-768x576.jpg 768w\" sizes=\"auto, (max-width: 1347px) 100vw, 1347px\" \/><\/figure><\/li><li class=\"blocks-gallery-item\"><figure><img loading=\"lazy\" decoding=\"async\" width=\"1347\" height=\"1010\" src=\"https:\/\/adrianmayr.ch\/wordpress\/wp-content\/uploads\/2021\/03\/morgenrot3.jpg\" alt=\"\" data-id=\"965\" data-link=\"https:\/\/adrianmayr.ch\/?attachment_id=965\" class=\"wp-image-965\" srcset=\"https:\/\/adrianmayr.ch\/wordpress\/wp-content\/uploads\/2021\/03\/morgenrot3.jpg 1347w, https:\/\/adrianmayr.ch\/wordpress\/wp-content\/uploads\/2021\/03\/morgenrot3-300x225.jpg 300w, https:\/\/adrianmayr.ch\/wordpress\/wp-content\/uploads\/2021\/03\/morgenrot3-768x576.jpg 768w\" sizes=\"auto, (max-width: 1347px) 100vw, 1347px\" \/><\/figure><\/li><li class=\"blocks-gallery-item\"><figure><img loading=\"lazy\" decoding=\"async\" width=\"1347\" height=\"1010\" src=\"https:\/\/adrianmayr.ch\/wordpress\/wp-content\/uploads\/2021\/03\/morgenstimmung.jpg\" alt=\"\" data-id=\"964\" data-link=\"https:\/\/adrianmayr.ch\/?attachment_id=964\" class=\"wp-image-964\" srcset=\"https:\/\/adrianmayr.ch\/wordpress\/wp-content\/uploads\/2021\/03\/morgenstimmung.jpg 1347w, https:\/\/adrianmayr.ch\/wordpress\/wp-content\/uploads\/2021\/03\/morgenstimmung-300x225.jpg 300w, https:\/\/adrianmayr.ch\/wordpress\/wp-content\/uploads\/2021\/03\/morgenstimmung-768x576.jpg 768w\" sizes=\"auto, (max-width: 1347px) 100vw, 1347px\" \/><\/figure><\/li><li class=\"blocks-gallery-item\"><figure><img loading=\"lazy\" decoding=\"async\" width=\"1347\" height=\"1010\" src=\"https:\/\/adrianmayr.ch\/wordpress\/wp-content\/uploads\/2021\/03\/morgenrot2.jpg\" alt=\"\" data-id=\"966\" data-link=\"https:\/\/adrianmayr.ch\/?attachment_id=966\" class=\"wp-image-966\" srcset=\"https:\/\/adrianmayr.ch\/wordpress\/wp-content\/uploads\/2021\/03\/morgenrot2.jpg 1347w, https:\/\/adrianmayr.ch\/wordpress\/wp-content\/uploads\/2021\/03\/morgenrot2-300x225.jpg 300w, https:\/\/adrianmayr.ch\/wordpress\/wp-content\/uploads\/2021\/03\/morgenrot2-768x576.jpg 768w\" sizes=\"auto, (max-width: 1347px) 100vw, 1347px\" \/><\/figure><\/li><li class=\"blocks-gallery-item\"><figure><img loading=\"lazy\" decoding=\"async\" width=\"1347\" height=\"1010\" src=\"https:\/\/adrianmayr.ch\/wordpress\/wp-content\/uploads\/2021\/03\/winter.jpg\" alt=\"\" data-id=\"958\" data-link=\"https:\/\/adrianmayr.ch\/?attachment_id=958\" class=\"wp-image-958\" srcset=\"https:\/\/adrianmayr.ch\/wordpress\/wp-content\/uploads\/2021\/03\/winter.jpg 1347w, https:\/\/adrianmayr.ch\/wordpress\/wp-content\/uploads\/2021\/03\/winter-300x225.jpg 300w, https:\/\/adrianmayr.ch\/wordpress\/wp-content\/uploads\/2021\/03\/winter-768x576.jpg 768w\" sizes=\"auto, (max-width: 1347px) 100vw, 1347px\" \/><\/figure><\/li><li class=\"blocks-gallery-item\"><figure><img loading=\"lazy\" decoding=\"async\" width=\"1347\" height=\"1010\" src=\"https:\/\/adrianmayr.ch\/wordpress\/wp-content\/uploads\/2021\/03\/sandbuehl.jpg\" alt=\"\" data-id=\"963\" data-link=\"https:\/\/adrianmayr.ch\/?attachment_id=963\" class=\"wp-image-963\" srcset=\"https:\/\/adrianmayr.ch\/wordpress\/wp-content\/uploads\/2021\/03\/sandbuehl.jpg 1347w, https:\/\/adrianmayr.ch\/wordpress\/wp-content\/uploads\/2021\/03\/sandbuehl-300x225.jpg 300w, https:\/\/adrianmayr.ch\/wordpress\/wp-content\/uploads\/2021\/03\/sandbuehl-768x576.jpg 768w\" sizes=\"auto, (max-width: 1347px) 100vw, 1347px\" \/><\/figure><\/li><li class=\"blocks-gallery-item\"><figure><img loading=\"lazy\" decoding=\"async\" width=\"1347\" height=\"1010\" src=\"https:\/\/adrianmayr.ch\/wordpress\/wp-content\/uploads\/2021\/03\/kirchstrasse2.jpg\" alt=\"\" data-id=\"959\" data-link=\"https:\/\/adrianmayr.ch\/?attachment_id=959\" class=\"wp-image-959\" srcset=\"https:\/\/adrianmayr.ch\/wordpress\/wp-content\/uploads\/2021\/03\/kirchstrasse2.jpg 1347w, https:\/\/adrianmayr.ch\/wordpress\/wp-content\/uploads\/2021\/03\/kirchstrasse2-300x225.jpg 300w, https:\/\/adrianmayr.ch\/wordpress\/wp-content\/uploads\/2021\/03\/kirchstrasse2-768x576.jpg 768w\" sizes=\"auto, (max-width: 1347px) 100vw, 1347px\" \/><\/figure><\/li><li class=\"blocks-gallery-item\"><figure><img loading=\"lazy\" decoding=\"async\" width=\"1347\" height=\"1010\" src=\"https:\/\/adrianmayr.ch\/wordpress\/wp-content\/uploads\/2021\/03\/winter2.jpg\" alt=\"\" data-id=\"957\" data-link=\"https:\/\/adrianmayr.ch\/?attachment_id=957\" class=\"wp-image-957\" srcset=\"https:\/\/adrianmayr.ch\/wordpress\/wp-content\/uploads\/2021\/03\/winter2.jpg 1347w, https:\/\/adrianmayr.ch\/wordpress\/wp-content\/uploads\/2021\/03\/winter2-300x225.jpg 300w, https:\/\/adrianmayr.ch\/wordpress\/wp-content\/uploads\/2021\/03\/winter2-768x576.jpg 768w\" sizes=\"auto, (max-width: 1347px) 100vw, 1347px\" \/><\/figure><\/li><li class=\"blocks-gallery-item\"><figure><img loading=\"lazy\" decoding=\"async\" width=\"1347\" height=\"1010\" src=\"https:\/\/adrianmayr.ch\/wordpress\/wp-content\/uploads\/2021\/03\/kirchstrasse3.jpg\" alt=\"\" data-id=\"955\" data-link=\"https:\/\/adrianmayr.ch\/?attachment_id=955\" class=\"wp-image-955\" srcset=\"https:\/\/adrianmayr.ch\/wordpress\/wp-content\/uploads\/2021\/03\/kirchstrasse3.jpg 1347w, https:\/\/adrianmayr.ch\/wordpress\/wp-content\/uploads\/2021\/03\/kirchstrasse3-300x225.jpg 300w, https:\/\/adrianmayr.ch\/wordpress\/wp-content\/uploads\/2021\/03\/kirchstrasse3-768x576.jpg 768w\" sizes=\"auto, (max-width: 1347px) 100vw, 1347px\" \/><\/figure><\/li><li class=\"blocks-gallery-item\"><figure><img loading=\"lazy\" decoding=\"async\" width=\"1347\" height=\"1010\" src=\"https:\/\/adrianmayr.ch\/wordpress\/wp-content\/uploads\/2021\/03\/kirchstrasse.jpg\" alt=\"\" data-id=\"962\" data-link=\"https:\/\/adrianmayr.ch\/?attachment_id=962\" class=\"wp-image-962\" srcset=\"https:\/\/adrianmayr.ch\/wordpress\/wp-content\/uploads\/2021\/03\/kirchstrasse.jpg 1347w, https:\/\/adrianmayr.ch\/wordpress\/wp-content\/uploads\/2021\/03\/kirchstrasse-300x225.jpg 300w, https:\/\/adrianmayr.ch\/wordpress\/wp-content\/uploads\/2021\/03\/kirchstrasse-768x576.jpg 768w\" sizes=\"auto, (max-width: 1347px) 100vw, 1347px\" \/><\/figure><\/li><li class=\"blocks-gallery-item\"><figure><img loading=\"lazy\" decoding=\"async\" width=\"1187\" height=\"890\" src=\"https:\/\/adrianmayr.ch\/wordpress\/wp-content\/uploads\/2021\/03\/kakadubrunnen2.jpg\" alt=\"\" data-id=\"967\" data-full-url=\"https:\/\/adrianmayr.ch\/wordpress\/wp-content\/uploads\/2021\/03\/kakadubrunnen2.jpg\" data-link=\"https:\/\/adrianmayr.ch\/?attachment_id=967\" class=\"wp-image-967\" srcset=\"https:\/\/adrianmayr.ch\/wordpress\/wp-content\/uploads\/2021\/03\/kakadubrunnen2.jpg 1187w, https:\/\/adrianmayr.ch\/wordpress\/wp-content\/uploads\/2021\/03\/kakadubrunnen2-300x225.jpg 300w, https:\/\/adrianmayr.ch\/wordpress\/wp-content\/uploads\/2021\/03\/kakadubrunnen2-768x576.jpg 768w\" sizes=\"auto, (max-width: 1187px) 100vw, 1187px\" \/><\/figure><\/li><li class=\"blocks-gallery-item\"><figure><img loading=\"lazy\" decoding=\"async\" width=\"1187\" height=\"890\" src=\"https:\/\/adrianmayr.ch\/wordpress\/wp-content\/uploads\/2021\/03\/shoppi.jpg\" alt=\"\" data-id=\"968\" data-full-url=\"https:\/\/adrianmayr.ch\/wordpress\/wp-content\/uploads\/2021\/03\/shoppi.jpg\" data-link=\"https:\/\/adrianmayr.ch\/?attachment_id=968\" class=\"wp-image-968\" srcset=\"https:\/\/adrianmayr.ch\/wordpress\/wp-content\/uploads\/2021\/03\/shoppi.jpg 1187w, https:\/\/adrianmayr.ch\/wordpress\/wp-content\/uploads\/2021\/03\/shoppi-300x225.jpg 300w, https:\/\/adrianmayr.ch\/wordpress\/wp-content\/uploads\/2021\/03\/shoppi-768x576.jpg 768w\" sizes=\"auto, (max-width: 1187px) 100vw, 1187px\" \/><\/figure><\/li><li class=\"blocks-gallery-item\"><figure><img loading=\"lazy\" decoding=\"async\" width=\"1187\" height=\"890\" src=\"https:\/\/adrianmayr.ch\/wordpress\/wp-content\/uploads\/2021\/03\/spreitenbach-ost2.jpg\" alt=\"\" data-id=\"969\" data-full-url=\"https:\/\/adrianmayr.ch\/wordpress\/wp-content\/uploads\/2021\/03\/spreitenbach-ost2.jpg\" data-link=\"https:\/\/adrianmayr.ch\/?attachment_id=969\" class=\"wp-image-969\" srcset=\"https:\/\/adrianmayr.ch\/wordpress\/wp-content\/uploads\/2021\/03\/spreitenbach-ost2.jpg 1187w, https:\/\/adrianmayr.ch\/wordpress\/wp-content\/uploads\/2021\/03\/spreitenbach-ost2-300x225.jpg 300w, https:\/\/adrianmayr.ch\/wordpress\/wp-content\/uploads\/2021\/03\/spreitenbach-ost2-768x576.jpg 768w\" sizes=\"auto, (max-width: 1187px) 100vw, 1187px\" \/><\/figure><\/li><li class=\"blocks-gallery-item\"><figure><img loading=\"lazy\" decoding=\"async\" width=\"1347\" height=\"1010\" src=\"https:\/\/adrianmayr.ch\/wordpress\/wp-content\/uploads\/2021\/03\/gemeinde_west.jpg\" alt=\"\" data-id=\"971\" data-full-url=\"https:\/\/adrianmayr.ch\/wordpress\/wp-content\/uploads\/2021\/03\/gemeinde_west.jpg\" data-link=\"https:\/\/adrianmayr.ch\/?attachment_id=971\" class=\"wp-image-971\" srcset=\"https:\/\/adrianmayr.ch\/wordpress\/wp-content\/uploads\/2021\/03\/gemeinde_west.jpg 1347w, https:\/\/adrianmayr.ch\/wordpress\/wp-content\/uploads\/2021\/03\/gemeinde_west-300x225.jpg 300w, https:\/\/adrianmayr.ch\/wordpress\/wp-content\/uploads\/2021\/03\/gemeinde_west-768x576.jpg 768w\" sizes=\"auto, (max-width: 1347px) 100vw, 1347px\" \/><\/figure><\/li><\/ul><\/figure>\n\n\n\n<p><\/p>\n","protected":false},"excerpt":{"rendered":"<p>Heute geht es nicht um Politik oder die Herausforderungen Spreitenbachs. Daf\u00fcr hoffe ich, euch den Tag etwas zu versch\u00f6nern mit einigen Bildern von Spreitenbach und Umgebung, welche alle innerhalb der letzten paar Monate entstanden sind.<\/p>\n","protected":false},"author":1,"featured_media":0,"parent":0,"menu_order":0,"comment_status":"open","ping_status":"closed","template":"","meta":{"footnotes":""},"class_list":["post-852","page","type-page","status-publish","hentry"],"_links":{"self":[{"href":"https:\/\/adrianmayr.ch\/index.php?rest_route=\/wp\/v2\/pages\/852","targetHints":{"allow":["GET"]}}],"collection":[{"href":"https:\/\/adrianmayr.ch\/index.php?rest_route=\/wp\/v2\/pages"}],"about":[{"href":"https:\/\/adrianmayr.ch\/index.php?rest_route=\/wp\/v2\/types\/page"}],"author":[{"embeddable":true,"href":"https:\/\/adrianmayr.ch\/index.php?rest_route=\/wp\/v2\/users\/1"}],"replies":[{"embeddable":true,"href":"https:\/\/adrianmayr.ch\/index.php?rest_route=%2Fwp%2Fv2%2Fcomments&post=852"}],"version-history":[{"count":4,"href":"https:\/\/adrianmayr.ch\/index.php?rest_route=\/wp\/v2\/pages\/852\/revisions"}],"predecessor-version":[{"id":975,"href":"https:\/\/adrianmayr.ch\/index.php?rest_route=\/wp\/v2\/pages\/852\/revisions\/975"}],"wp:attachment":[{"href":"https:\/\/adrianmayr.ch\/index.php?rest_route=%2Fwp%2Fv2%2Fmedia&parent=852"}],"curies":[{"name":"wp","href":"https:\/\/api.w.org\/{rel}","templated":true}]}}