{"id":643,"date":"2021-02-20T16:51:21","date_gmt":"2021-02-20T16:51:21","guid":{"rendered":"https:\/\/adrianmayr.ch\/wordpress\/?page_id=643"},"modified":"2021-02-24T09:30:48","modified_gmt":"2021-02-24T09:30:48","slug":"statements","status":"publish","type":"page","link":"https:\/\/adrianmayr.ch\/?page_id=643","title":{"rendered":"Andere \u00fcber mich"},"content":{"rendered":"\n<p>Was sagen andere \u00fcber mich? Hier eine Auswahl von Aussagen von Leuten welche mich kennen. Alle freiwillig und ohne Druck gemacht \ud83d\ude09<\/p>\n\n\n\n<blockquote class=\"wp-block-quote is-layout-flow wp-block-quote-is-layout-flow\"><p>&#8222;Seit zwischenzeitlich 15 Jahren arbeite ich in verschiedensten Konstellationen mit Adrian Mayr zusammen. Zurzeit ist er als Leiter des Produktmanagements und Marketing in meinem Team t\u00e4tig und ist in dieser Funktion auch mein Stellvertreter. An Adrian sch\u00e4tze ich sehr seine grosse Loyalit\u00e4t, seine \u00fcberlegte und unaufgeregte Herangehensweise auch bei sehr komplexen Aufgabenstellungen \u2013 besonders in hektischen Phasen. Adrian verf\u00fcgt \u00fcber herausragende analytische F\u00e4higkeiten verbunden mit der notwendigen Bodenhaftung und stets mit dem Blick f\u00fcrs Machbare. Ich bin \u00fcberzeugt, dass Adrian auch in der Kommunalpolitik eine sehr grosse Bereicherung f\u00fcr jedes Team ist und wertvolle Beitr\u00e4ge liefern wird.&#8220;<\/p><\/blockquote>\n\n\n\n<blockquote class=\"wp-block-quote is-layout-flow wp-block-quote-is-layout-flow\"><p>&#8222;Eine Aufgabe des Gemeinderates w\u00e4re es auch, das Image von Spreitenbach positiv zu positionieren. Was wurde in den letzten Jahren aktiv daf\u00fcr getan? Mit Adrian Mayr h\u00e4tten wir wieder einmal die Chance, dass sich etwas in dieser Richtung bewegt. Er verf\u00fcgt nicht nur \u00fcber die fachlichen und beruflichen sondern auch \u00fcber die menschlichen Kompetenzen&#8220;<\/p><\/blockquote>\n\n\n\n<blockquote class=\"wp-block-quote is-layout-flow wp-block-quote-is-layout-flow\"><p>&#8222;Adrian, ich gratuliere dir zum Entscheid, dich f\u00fcr ein \u00f6ffentliches Amt zur Verf\u00fcgung zu stellen. Unser Milizsystem in der Schweiz bzw. in Spreitenbach kann sich gl\u00fccklich sch\u00e4tzen, dass eine bew\u00e4hrte Pers\u00f6nlichkeit wie du f\u00fcr den Gemeinderat kandidiert. Du bist mit deiner breiten Erfahrung in vielen Bereichen der perfekte Kandidat. Ich kenne dich seit Jahren aus unserem gemeinsamen Businessumfeld bestens und als ehemaliger Gemeindeammann einer Aargauer Gemeinde sind mir auch die Anforderungen an ein Amt wie dieses bekannt. Ich kann demzufolge diese Beurteilung mit gutem Gewissen abgeben. Spreitenbach kann sich gl\u00fccklich sch\u00e4tzen.&#8220;<\/p><\/blockquote>\n\n\n\n<blockquote class=\"wp-block-quote is-style-default is-layout-flow wp-block-quote-is-layout-flow\"><p>&#8222;Hallo Ady, ich sehe dich schon im Gemeinderatsaal sitzen. Mit deiner \u00fcberlegten, ruhigen Art und mit deiner Erfahrung und Offenheit zu anderen Kulturen bist du doch die ideale Erg\u00e4nzung &#8230;&#8220;<\/p><\/blockquote>\n\n\n\n<blockquote class=\"wp-block-quote is-layout-flow wp-block-quote-is-layout-flow\"><p>&#8222;Als Spreitenbacher w\u00fcrde ich sofort auf den smarten Mann mit R\u00fcckgrat setzten. Ich w\u00fcnsche Dir viel Erfolg, denn mit Leuten wie Dir k\u00f6nnen wir nur gewinnen&#8220;<\/p><\/blockquote>\n\n\n\n<blockquote class=\"wp-block-quote is-layout-flow wp-block-quote-is-layout-flow\"><p>&#8222;Good luck with this new endeavor Adrian! You\u2019re certainly more than qualified for it&#8230;&#8220;<\/p><\/blockquote>\n\n\n<button id=\"listenButton1\" class=\"responsivevoice-button\" type=\"button\" value=\"Play\" title=\"ResponsiveVoice Tap to Start\/Stop Speech\"><span>&#128266; Text Vorlesen<\/span><\/button>\n        <script>\n            listenButton1.onclick = function(){\n                if(responsiveVoice.isPlaying()){\n                    responsiveVoice.cancel();\n                }else{\n                    responsiveVoice.speak(\"Was sagen andere \u00fcber mich? Hier eine Auswahl von Aussagen von Leuten welche mich kennen. Alle freiwillig und ohne Druck gemacht ;-) \\\"Seit zwischenzeitlich 15 Jahren arbeite ich in verschiedensten Konstellationen mit Adrian Mayr zusammen. Zurzeit ist er als Leiter des Produktmanagements und Marketing in meinem Team t\u00e4tig und ist in dieser Funktion auch mein Stellvertreter. An Adrian sch\u00e4tze ich sehr seine grosse Loyalit\u00e4t, seine \u00fcberlegte und unaufgeregte Herangehensweise auch bei sehr komplexen Aufgabenstellungen \u2013 besonders in hektischen Phasen. Adrian verf\u00fcgt \u00fcber herausragende analytische F\u00e4higkeiten verbunden mit der notwendigen Bodenhaftung und stets mit dem Blick f\u00fcrs Machbare. Ich bin \u00fcberzeugt, dass Adrian auch in der Kommunalpolitik eine sehr grosse Bereicherung f\u00fcr jedes Team ist und wertvolle Beitr\u00e4ge liefern wird.\\\" \\\"Eine Aufgabe des Gemeinderates w\u00e4re es auch, das Image von Spreitenbach positiv zu positionieren. Was wurde in den letzten Jahren aktiv daf\u00fcr getan? Mit Adrian Mayr h\u00e4tten wir wieder einmal die Chance, dass sich etwas in dieser Richtung bewegt. Er verf\u00fcgt nicht nur \u00fcber die fachlichen und beruflichen sondern auch \u00fcber die menschlichen Kompetenzen\\\" \\\"Adrian, ich gratuliere dir zum Entscheid, dich f\u00fcr ein \u00f6ffentliches Amt zur Verf\u00fcgung zu stellen. Unser Milizsystem in der Schweiz bzw. in Spreitenbach kann sich gl\u00fccklich sch\u00e4tzen, dass eine bew\u00e4hrte Pers\u00f6nlichkeit wie du f\u00fcr den Gemeinderat kandidiert. Du bist mit deiner breiten Erfahrung in vielen Bereichen der perfekte Kandidat. Ich kenne dich seit Jahren aus unserem gemeinsamen Businessumfeld bestens und als ehemaliger Gemeindeammann einer Aargauer Gemeinde sind mir auch die Anforderungen an ein Amt wie dieses bekannt. Ich kann demzufolge diese Beurteilung mit gutem Gewissen abgeben. Spreitenbach kann sich gl\u00fccklich sch\u00e4tzen.\\\" \\\"Hallo Ady, ich sehe dich schon im Gemeinderatsaal sitzen. Mit deiner \u00fcberlegten, ruhigen Art und mit deiner Erfahrung und Offenheit zu anderen Kulturen bist du doch die ideale Erg\u00e4nzung ...\\\" \\\"Als Spreitenbacher w\u00fcrde ich sofort auf den smarten Mann mit R\u00fcckgrat setzten. Ich w\u00fcnsche Dir viel Erfolg, denn mit Leuten wie Dir k\u00f6nnen wir nur gewinnen\\\" \\\"Good luck with this new endeavor Adrian! You\u2019re certainly more than qualified for it...\\\"\", \"Deutsch Male\");\n                }\n            };\n        <\/script>\n    \n","protected":false},"excerpt":{"rendered":"<p>Was sagen andere \u00fcber mich? Hier eine Auswahl von Aussagen von Leuten welche mich kennen. Alle freiwillig und ohne Druck gemacht \ud83d\ude09 &#8222;Seit zwischenzeitlich 15 Jahren arbeite ich in verschiedensten Konstellationen mit Adrian Mayr zusammen. Zurzeit ist er als Leiter des Produktmanagements und Marketing in meinem Team t\u00e4tig und ist in dieser Funktion auch mein [&hellip;]<\/p>\n","protected":false},"author":1,"featured_media":0,"parent":0,"menu_order":0,"comment_status":"closed","ping_status":"closed","template":"","meta":{"footnotes":""},"class_list":["post-643","page","type-page","status-publish","hentry"],"_links":{"self":[{"href":"https:\/\/adrianmayr.ch\/index.php?rest_route=\/wp\/v2\/pages\/643","targetHints":{"allow":["GET"]}}],"collection":[{"href":"https:\/\/adrianmayr.ch\/index.php?rest_route=\/wp\/v2\/pages"}],"about":[{"href":"https:\/\/adrianmayr.ch\/index.php?rest_route=\/wp\/v2\/types\/page"}],"author":[{"embeddable":true,"href":"https:\/\/adrianmayr.ch\/index.php?rest_route=\/wp\/v2\/users\/1"}],"replies":[{"embeddable":true,"href":"https:\/\/adrianmayr.ch\/index.php?rest_route=%2Fwp%2Fv2%2Fcomments&post=643"}],"version-history":[{"count":6,"href":"https:\/\/adrianmayr.ch\/index.php?rest_route=\/wp\/v2\/pages\/643\/revisions"}],"predecessor-version":[{"id":762,"href":"https:\/\/adrianmayr.ch\/index.php?rest_route=\/wp\/v2\/pages\/643\/revisions\/762"}],"wp:attachment":[{"href":"https:\/\/adrianmayr.ch\/index.php?rest_route=%2Fwp%2Fv2%2Fmedia&parent=643"}],"curies":[{"name":"wp","href":"https:\/\/api.w.org\/{rel}","templated":true}]}}